. Suppose 0 = 2*z + 4, -s = -v - 3*v + 5*z. What are the prime factors of v?
5
Let r = 97 - 41. What are the prime factors of r?
2, 7
Let w = -13 - -27. Let g = w - 10. What are the prime factors of 11/g*(-2 - -6)?
11
Suppose i = z + 29, -27 + 7 = 5*i. What are the prime factors of 0 - (z - (-3)/3)?
2
Let s(n) = -5*n**2 - 9*n + 2*n**2 - n**2 - 7 + 3*n**2. What are the prime factors of s(-6)?
11
Let n(g) = g**2 - g - 1. List the prime factors of n(-2).
5
List the prime factors of (-2)/(-7) + 4530/70.
5, 13
Suppose 0 = 3*v + 9 + 3. Let z be (v + 0/(-2))*-7. Suppose 5*x - z = -y, x + 9 + 1 = y. What are the prime factors of y?
13
Let f be (18 - 2) + 2*-1. Let q be (-4)/f - 90/(-21). What are the prime factors of (-24)/30*(-10)/q?
2
Let h = 2 + -16. Let q be (-1)/((2/1)/6). What are the prime factors of q*(-1)/(-6)*h?
7
Let k(c) = -c**3 - 5*c**2 - 6*c. Let f be k(-4). What are the prime factors of (28/f)/((-1)/(-4))?
2, 7
Let j(t) = t**3 - 2*t**2 + 3*t - 2. Let l be j(2). Let f be (9/l)/(9/24). Suppose -3*p - 27 = -f*p. What are the prime factors of p?
3
Suppose -q = q + 2*s, q = -3*s. Suppose q = -2*m - 2*t + 12, 3*m = 5*t - 11 - 3. List the prime factors of m.
2
Suppose h - 6 = -5*i, h - 3*i + 26 = -4*h. Let s(l) = -4*l**2 - 2*l - 2*l**2 + 7*l**2 - 1. List the prime factors of s(h).
23
Let m = 151 + -69. List the prime factors of m.
2, 41
Let c(y) be the third derivative of 0*y + 13/6*y**3 - 1/24*y**4 + y**2 + 0. List the prime factors of c(10).
3
Let i = -12 - -17. What are the prime factors of i?
5
Let s(j) = j**3 + 11*j**2 - 4*j - 8. List the prime factors of s(-11).
2, 3
Let n = -68 + 100. List the prime factors of n.
2
Let w = 250 + -127. List the prime factors of w.
3, 41
Let k(f) = -5*f**2 - 6*f - 14. Let n(m) = -4*m**2 - 5*m - 13. Let g(c) = 5*k(c) - 6*n(c). List the prime factors of g(0).
2
What are the prime factors of 77/2 - 4/8?
2, 19
Let t = -2 + 7. Let x be 21/((-10)/(-4) - 2). Suppose 2*b - 6 - 12 = q, -t*b + x = -q. What are the prime factors of b?
2
What are the prime factors of (-10)/35 + (-111)/(-21)?
5
Let m = -6 + 30. Suppose 4*z - 70 = 3*x, -m = -2*z + z + 4*x. List the prime factors of z.
2
Let q(u) = 1 + 0 - u + 2 + 5*u**2 + u**3. Suppose -3*a + 17 = 32. What are the prime factors of q(a)?
2
Suppose t = 4*t - 192. What are the prime factors of t?
2
What are the prime factors of (27 + -4)*11 - 3?
2, 5
Let k(r) = 5*r**2 + 0*r**2 + 11*r - 3*r**2 + 4 + 1. List the prime factors of k(-8).
3, 5
Suppose -280 = -3*a - 2*a. List the prime factors of a.
2, 7
Suppose -605 = -9*o + 4*o. List the prime factors of o.
11
Let p(z) = 5*z**3 + 4*z - 1. Let r(b) = -b**3 - b. Let x(f) = p(f) + 2*r(f). Suppose h - 4 = -4*t, 2 = 2*t + h - 3*h. List the prime factors of x(t).
2
Let d(l) = 16*l**2 + 5*l - 1. Let m(h) = -33*h**2 - 11*h + 2. Let a(w) = 9*d(w) + 4*m(w). List the prime factors of a(1).
2, 3
Suppose -2*u = 4*q - 8, -4*u + 16 = -2*q - 0*q. Suppose 3*o - 111 + 9 = 0. Suppose q = 3*z - z - o. What are the prime factors of z?
17
Suppose 1 = 5*f - 4*f + c, -4*f = -3*c + 10. Let v = f + 9. Suppose 3*h = h + v. What are the prime factors of h?
2
Let q be 4/(-10) + (-7)/(-5). Let r be 14/6 - 1/3. Suppose 0 = r*f - 7 - q. What are the prime factors of f?
2
Let m(t) = t - 3. Let f be m(5). What are the prime factors of 8 - (f + -5)/3?
3
Let f = -24 - -35. Let p = f - 5. What are the prime factors of p?
2, 3
Let f(k) = -k + 1. Let n be f(3). Let p(j) = -6*j - 2. Let h be p(n). Suppose 0 = c - 3*c + h. List the prime factors of c.
5
Suppose -5*x - 12 = 3. Let i(g) = -g**3 + 3*g**2 + 5*g + 5. What are the prime factors of i(x)?
2, 11
Suppose 38 + 1 = s. What are the prime factors of s?
3, 13
Let q = 77 + -54. Let k = 27 + -12. Let y = q - k. What are the prime factors of y?
2
Let i(p) = p + 16. Let z be i(-9). Let x(u) = u. Let v be x(z). Suppose v = j + 2. What are the prime factors of j?
5
Let i = -4 - 0. What are the prime factors of 771/45 + i/30?
17
Let a(t) be the third derivative of -t**6/120 + t**5/4 - 11*t**4/24 - 2*t**3 - 5*t**2. What are the prime factors of a(14)?
2, 3, 5
Suppose -5*f + 656 = -129. List the prime factors of f.
157
Suppose -5*o + 1665 = 2*h, -4*h + 20 = -0*h. List the prime factors of o.
331
Suppose 0 = 2*l - 0*l - 24. Suppose -c = -2*c - l. What are the prime factors of 10*(c/(-5))/4?
2, 3
Let c(j) = 4*j - 7 + 10 + 5*j. Let z be c(-2). Let o = -9 - z. What are the prime factors of o?
2, 3
Suppose -l = 4*n - 0*n - 17, -4*n = 8. What are the prime factors of l?
5
List the prime factors of 66 - (-1 - -2)*(11 + -14).
3, 23
Suppose -5*n - 3*p = -5*p - 92, 4*n = 5*p + 77. List the prime factors of n.
2, 3
Let u(o) = -o**3 + 3*o**2 + o - 3. Let m be u(3). Suppose 2*i - 39 + 15 = m. List the prime factors of i.
2, 3
Let d be 4/(-3)*(-27)/6. Let j = d - 12. Let n = 8 + j. List the prime factors of n.
2
Suppose -3*v + 26 + 0 = 2*x, 63 = 4*v - 3*x. List the prime factors of v.
2, 3
Let a(s) = s**2 + 6*s - 2. Let u be a(-6). List the prime factors of (23 - u) + (-2)/1.
23
Suppose 0 = -f + x + 54, 2*x - 164 - 106 = -5*f. List the prime factors of f.
2, 3
Let f(t) = -t**2 - 3*t. Suppose 7*x = 3*x - 8. List the prime factors of f(x).
2
Let r(q) = q**3 + 12*q**2 - 17*q + 16. List the prime factors of r(-13).
2, 17
Suppose 6*h - 495 = 105. List the prime factors of h.
2, 5
Let g = 18 + -12. Suppose -z + 1 = 0, g = 5*j + 3*z - 22. List the prime factors of j.
5
Let c = 65 + -14. List the prime factors of c.
3, 17
Suppose 3*p - 21 = 4*b, 3*p - 2*b - b = 21. Let l = -4 + 7. Suppose -l*i + 21 = -h, 0 = -i + h + 2*h + p. List the prime factors of i.
7
What are the prime factors of 2*(-27)/(-6)*1?
3
What are the prime factors of (1 + 0)*(-11 + 33)?
2, 11
Suppose 0 = 4*f - 16, 0 = 2*d - 6*d + 3*f + 444. Suppose s + 5*n = -s + 64, -3*n = 3*s - d. What are the prime factors of s?
2, 3, 7
Suppose p = 8 - 0. Let j(c) = c - 6. What are the prime factors of j(p)?
2
Suppose 8 + 2 = 4*s - 5*t, 14 = 4*s - 3*t. Suppose s*c - 2*c = 6. Suppose c*w + 0*w + 38 = 4*o, -5*o = -3*w - 45. What are the prime factors of o?
2, 3
Suppose -2*x + 216 = 4*x. List the prime factors of 12/3 + -1 + x.
3, 13
Let l(y) = -y + 5. Let v be l(2). Suppose 4*x - v*x = 14. What are the prime factors of x?
2, 7
Let s(j) = -j**3 - 9*j**2 - 10*j + 7. Let w be s(-8). Suppose 9 = 2*h - w. Let f = -11 + h. What are the prime factors of f?
5
Suppose -5*x - 22 = -57. Let y = x - 7. Let w = 7 + y. List the prime factors of w.
7
Let h(y) = y**2 - 11*y + 15. What are the prime factors of h(10)?
5
Let i(v) = -v**3 - 4*v**2 - v. List the prime factors of i(-4).
2
Let m = -8 - -13. Suppose 4*a - m = 3*a. What are the prime factors of a?
5
Let u = 13 + -3. Suppose 0 = -0*p + p - u. List the prime factors of p.
2, 5
Let k = 817 + -500. List the prime factors of k.
317
List the prime factors of (-1 - -4) + 3 + 154 + -4.
2, 3, 13
Let b be 7 + (1 - 0) - 0. Let a(k) = -k + 2. Let q be a(b). Let y = 8 + q. What are the prime factors of y?
2
Let d(q) = 2*q**2 - 4*q - 4. Let n be d(-4). Let a = -27 + n. List the prime factors of a.
17
Let a = 3 + 0. What are the prime factors of 33*(a + (-8)/3)?
11
Let y = 73 - 27. Let s = -25 + y. List the prime factors of s.
3, 7
List the prime factors of ((-28)/10)/((-1)/15).
2, 3, 7
Let d = 0 - -3. Suppose 0 = d*t + 3*i - 15, 3*i + 0 + 1 = t. Suppose 2*z - 2 = t. List the prime factors of z.
3
Let p(j) = 5*j + 0*j - 7 - j. What are the prime factors of p(5)?
13
Suppose -190 = -2*i + 3*p, 5*p - 17 - 91 = -i. List the prime factors of i.
2, 7
Let c = 25 - 5. What are the prime factors of c?
2, 5
Let s be (-2)/8*218*-2. Suppose -5*z + s = -2*d, -z - 2*d - 11 = -40. List the prime factors of z.
23
Let t be ((-9)/12)/(3/(-12)). Suppose i + 24 = -t*i. What are the prime factors of -3 - (i + 0) - -4?
7
Let x = -3 + 3. Let g(o) = 0 + 2*o + x. List the prime factors of g(5).
2, 5
Let n be ((-9)/6)/((-1)/(-6)). Let q = 22 + n. What are the prime factors of q?
13
Let c = 115 - 94. What are the prime factors of c?
3, 7
Suppose 0 = -3*t - 2 - 16. Let c be -1*-9*t/9. Let z(y) = -y**3 - 7*y**2 - 7*y + 1. List the prime factors of z(c).
7
Suppose -f + 6*f = -4*a + 44, f - a = 7. Let u = f + -3. What are the prime factors of u?
5
Let u(t) = t**2 + 4*t + 1. Let z be u(-3). Le